{"id":483,"date":"2012-10-22T12:17:12","date_gmt":"2012-10-22T12:17:12","guid":{"rendered":"http:\/\/template-demos.com\/wp\/WP01\/WP010005\/?page_id=12"},"modified":"2021-09-13T16:06:57","modified_gmt":"2021-09-13T15:06:57","slug":"oferta","status":"publish","type":"page","link":"https:\/\/jubileraktynolit.com\/index.php\/oferta\/","title":{"rendered":"Oferta"},"content":{"rendered":"<p>[vc_row el_class=&#8221;custom-content-main&#8221;][vc_column][vc_row_inner][vc_column_inner][vc_column_text css_animation=&#8221;none&#8221;]<img decoding=\"async\" class=\"size-medium wp-image-9144 alignleft lazyload\" data-src=\"https:\/\/jubileraktynolit.com\/wp-content\/uploads\/2021\/09\/ofertaobraczki1-300x164.png\" alt=\"\" width=\"300\" height=\"164\" data-srcset=\"https:\/\/jubileraktynolit.com\/wp-content\/uploads\/2021\/09\/ofertaobraczki1-300x164.png 300w, https:\/\/jubileraktynolit.com\/wp-content\/uploads\/2021\/09\/ofertaobraczki1.png 330w\" data-sizes=\"(max-width: 300px) 100vw, 300px\" src=\"data:image\/gif;base64,R0lGODlhAQABAAAAACH5BAEKAAEALAAAAAABAAEAAAICTAEAOw==\" style=\"--smush-placeholder-width: 300px; --smush-placeholder-aspect-ratio: 300\/164;\" \/><br \/>\nObr\u0105czki \u015blubne s\u0105 wa\u017cnym symbolem, bowiem m\u00f3wi\u0105 one o zwi\u0105zku dwojga ludzi! Aktynolit proponuje Pa\u0144stwu szerok\u0105 gam\u0119 ich wzor\u00f3w. Istnieje r\u00f3wnie\u017c spos\u00f3b, aby ten rodzaj bi\u017cuterii sta\u0142 si\u0119 wyj\u0105tkowy i niepowtarzalny. Tak\u0105 mo\u017cliwo\u015b\u0107 daje grawer po ich wewn\u0119trznej stronie.<\/p>\n<p>&nbsp;<\/p>\n<p><img decoding=\"async\" class=\"size-medium wp-image-9145 alignleft lazyload\" data-src=\"https:\/\/jubileraktynolit.com\/wp-content\/uploads\/2021\/09\/ofertapiersionki1-300x164.png\" alt=\"\" width=\"300\" height=\"164\" data-srcset=\"https:\/\/jubileraktynolit.com\/wp-content\/uploads\/2021\/09\/ofertapiersionki1-300x164.png 300w, https:\/\/jubileraktynolit.com\/wp-content\/uploads\/2021\/09\/ofertapiersionki1.png 330w\" data-sizes=\"(max-width: 300px) 100vw, 300px\" src=\"data:image\/gif;base64,R0lGODlhAQABAAAAACH5BAEKAAEALAAAAAABAAEAAAICTAEAOw==\" style=\"--smush-placeholder-width: 300px; --smush-placeholder-aspect-ratio: 300\/164;\" \/><br \/>\nPier\u015bcionek to jedna z najpi\u0119kniejszych ozd\u00f3b kobiecych d\u0142oni. R\u00f3\u017cne wzory, kszta\u0142ty oraz ozdobienie kamieniami mog\u0105 wyrazi\u0107 wiele uczu\u0107 i cech. Mamy \u015bwiadomo\u015b\u0107, \u017ce ile kobiet, tyle gust\u00f3w, dlatego w naszej ofercie znajd\u0105 Pa\u0144stwo wiele modeli wykonanych z r\u00f3\u017cnych kruszc\u00f3w.<\/p>\n<p><img decoding=\"async\" class=\"size-medium wp-image-9148 alignleft lazyload\" data-src=\"https:\/\/jubileraktynolit.com\/wp-content\/uploads\/2021\/09\/ofertabransoletki1-300x164.png\" alt=\"\" width=\"300\" height=\"164\" data-srcset=\"https:\/\/jubileraktynolit.com\/wp-content\/uploads\/2021\/09\/ofertabransoletki1-300x164.png 300w, https:\/\/jubileraktynolit.com\/wp-content\/uploads\/2021\/09\/ofertabransoletki1.png 330w\" data-sizes=\"(max-width: 300px) 100vw, 300px\" src=\"data:image\/gif;base64,R0lGODlhAQABAAAAACH5BAEKAAEALAAAAAABAAEAAAICTAEAOw==\" style=\"--smush-placeholder-width: 300px; --smush-placeholder-aspect-ratio: 300\/164;\" \/><br \/>\nBransoletka to jedna z dyskretnych i eleganckich ozd\u00f3b dla ka\u017cdej kobiety. Ta bi\u017cuteria to oryginalny pomys\u0142 na prezent dla siebie i bliskiej osoby. Bransoletki idealnie ubogac\u0105 stylizacj\u0119 ka\u017cdej wymagaj\u0105cej kobiety! W naszej ofercie wiele wzor\u00f3w wykonanych z r\u00f3\u017cnych kruszc\u00f3w<\/p>\n<p>&nbsp;<\/p>\n<p>&nbsp;<\/p>\n<p>&nbsp;<\/p>\n<p>&nbsp;<\/p>\n<p><img decoding=\"async\" class=\"size-medium wp-image-9149 alignleft lazyload\" data-src=\"https:\/\/jubileraktynolit.com\/wp-content\/uploads\/2021\/09\/ofertakolczyki1-300x164.png\" alt=\"\" width=\"300\" height=\"164\" data-srcset=\"https:\/\/jubileraktynolit.com\/wp-content\/uploads\/2021\/09\/ofertakolczyki1-300x164.png 300w, https:\/\/jubileraktynolit.com\/wp-content\/uploads\/2021\/09\/ofertakolczyki1.png 330w\" data-sizes=\"(max-width: 300px) 100vw, 300px\" src=\"data:image\/gif;base64,R0lGODlhAQABAAAAACH5BAEKAAEALAAAAAABAAEAAAICTAEAOw==\" style=\"--smush-placeholder-width: 300px; --smush-placeholder-aspect-ratio: 300\/164;\" \/><br \/>\nTen rodzaj bi\u017cuterii stanowi pi\u0119kny dodatek do ka\u017cdej damskiej stylizacji. W naszej ofercie znajd\u0105 Pa\u0144stwo kolczyki pasuj\u0105ce do stroju na co dzie\u0144 jak r\u00f3wnie\u017c do wieczorowej kreacji. Wykonane z r\u00f3\u017cnych metali, ozdabiane kamieniami lub innymi dodatkami zachwyc\u0105 ka\u017cdego[\/vc_column_text][\/vc_column_inner][\/vc_row_inner][\/vc_column][\/vc_row]<\/p>\n","protected":false},"excerpt":{"rendered":"<p>[vc_row el_class=&#8221;custom-content-main&#8221;][vc_column][vc_row_inner][vc_column_inner][vc_column_text css_animation=&#8221;none&#8221;] Obr\u0105czki \u015blubne s\u0105 wa\u017cnym symbolem, bowiem m\u00f3wi\u0105 one o zwi\u0105zku dwojga ludzi! Aktynolit proponuje Pa\u0144stwu szerok\u0105 gam\u0119 ich wzor\u00f3w. Istnieje r\u00f3wnie\u017c spos\u00f3b, aby ten rodzaj bi\u017cuterii sta\u0142 si\u0119 wyj\u0105tkowy i niepowtarzalny. Tak\u0105 mo\u017cliwo\u015b\u0107 daje grawer po ich wewn\u0119trznej stronie. &nbsp; Pier\u015bcionek to jedna z najpi\u0119kniejszych ozd\u00f3b kobiecych d\u0142oni. R\u00f3\u017cne wzory, kszta\u0142ty oraz&hellip; <a class=\"read-more-link\" href=\"https:\/\/jubileraktynolit.com\/index.php\/oferta\/\">Read More<\/a><\/p>\n","protected":false},"author":1,"featured_media":0,"parent":0,"menu_order":0,"comment_status":"closed","ping_status":"closed","template":"","meta":{"_monsterinsights_skip_tracking":false,"_monsterinsights_sitenote_active":false,"_monsterinsights_sitenote_note":"","_monsterinsights_sitenote_category":0,"footnotes":""},"class_list":["post-483","page","type-page","status-publish","hentry"],"yoast_head":"<!-- This site is optimized with the Yoast SEO plugin v25.2 - https:\/\/yoast.com\/wordpress\/plugins\/seo\/ -->\n<title>Oferta - Jubiler Gliwice AKTYNOLIT<\/title>\n<meta name=\"robots\" content=\"index, follow, max-snippet:-1, max-image-preview:large, max-video-preview:-1\" \/>\n<link rel=\"canonical\" href=\"https:\/\/jubileraktynolit.com\/index.php\/oferta\/\" \/>\n<meta property=\"og:locale\" content=\"pl_PL\" \/>\n<meta property=\"og:type\" content=\"article\" \/>\n<meta property=\"og:title\" content=\"Oferta - Jubiler Gliwice AKTYNOLIT\" \/>\n<meta property=\"og:description\" content=\"[vc_row el_class=&#8221;custom-content-main&#8221;][vc_column][vc_row_inner][vc_column_inner][vc_column_text css_animation=&#8221;none&#8221;] Obr\u0105czki \u015blubne s\u0105 wa\u017cnym symbolem, bowiem m\u00f3wi\u0105 one o zwi\u0105zku dwojga ludzi! Aktynolit proponuje Pa\u0144stwu szerok\u0105 gam\u0119 ich wzor\u00f3w. Istnieje r\u00f3wnie\u017c spos\u00f3b, aby ten rodzaj bi\u017cuterii sta\u0142 si\u0119 wyj\u0105tkowy i niepowtarzalny. Tak\u0105 mo\u017cliwo\u015b\u0107 daje grawer po ich wewn\u0119trznej stronie. &nbsp; Pier\u015bcionek to jedna z najpi\u0119kniejszych ozd\u00f3b kobiecych d\u0142oni. R\u00f3\u017cne wzory, kszta\u0142ty oraz&hellip; Read More\" \/>\n<meta property=\"og:url\" content=\"https:\/\/jubileraktynolit.com\/index.php\/oferta\/\" \/>\n<meta property=\"og:site_name\" content=\"Jubiler Gliwice AKTYNOLIT\" \/>\n<meta property=\"article:modified_time\" content=\"2021-09-13T15:06:57+00:00\" \/>\n<meta property=\"og:image\" content=\"https:\/\/aktynolit.pl\/wp-content\/uploads\/2021\/09\/ofertaobraczki1-300x164.png\" \/>\n<meta name=\"twitter:card\" content=\"summary_large_image\" \/>\n<meta name=\"twitter:label1\" content=\"Szacowany czas czytania\" \/>\n\t<meta name=\"twitter:data1\" content=\"2 minuty\" \/>\n<script type=\"application\/ld+json\" class=\"yoast-schema-graph\">{\"@context\":\"https:\/\/schema.org\",\"@graph\":[{\"@type\":\"WebPage\",\"@id\":\"https:\/\/jubileraktynolit.com\/index.php\/oferta\/\",\"url\":\"https:\/\/jubileraktynolit.com\/index.php\/oferta\/\",\"name\":\"Oferta - Jubiler Gliwice AKTYNOLIT\",\"isPartOf\":{\"@id\":\"https:\/\/jubileraktynolit.com\/#website\"},\"primaryImageOfPage\":{\"@id\":\"https:\/\/jubileraktynolit.com\/index.php\/oferta\/#primaryimage\"},\"image\":{\"@id\":\"https:\/\/jubileraktynolit.com\/index.php\/oferta\/#primaryimage\"},\"thumbnailUrl\":\"https:\/\/jubileraktynolit.com\/wp-content\/uploads\/2021\/09\/ofertaobraczki1-300x164.png\",\"datePublished\":\"2012-10-22T12:17:12+00:00\",\"dateModified\":\"2021-09-13T15:06:57+00:00\",\"breadcrumb\":{\"@id\":\"https:\/\/jubileraktynolit.com\/index.php\/oferta\/#breadcrumb\"},\"inLanguage\":\"pl-PL\",\"potentialAction\":[{\"@type\":\"ReadAction\",\"target\":[\"https:\/\/jubileraktynolit.com\/index.php\/oferta\/\"]}]},{\"@type\":\"ImageObject\",\"inLanguage\":\"pl-PL\",\"@id\":\"https:\/\/jubileraktynolit.com\/index.php\/oferta\/#primaryimage\",\"url\":\"https:\/\/jubileraktynolit.com\/wp-content\/uploads\/2021\/09\/ofertaobraczki1.png\",\"contentUrl\":\"https:\/\/jubileraktynolit.com\/wp-content\/uploads\/2021\/09\/ofertaobraczki1.png\",\"width\":330,\"height\":180},{\"@type\":\"BreadcrumbList\",\"@id\":\"https:\/\/jubileraktynolit.com\/index.php\/oferta\/#breadcrumb\",\"itemListElement\":[{\"@type\":\"ListItem\",\"position\":1,\"name\":\"Home\",\"item\":\"https:\/\/jubileraktynolit.com\/\"},{\"@type\":\"ListItem\",\"position\":2,\"name\":\"Oferta\"}]},{\"@type\":\"WebSite\",\"@id\":\"https:\/\/jubileraktynolit.com\/#website\",\"url\":\"https:\/\/jubileraktynolit.com\/\",\"name\":\"Jubiler Gliwice AKTYNOLIT\",\"description\":\"Obr\u0105czki, Z\u0142oto, Srebro, Pier\u015bcionki, Pier\u015bcionki zar\u0119czynowe, Obr\u0105czki \u015blubne, Kolczyki, Wisiorki, Bransolety, Bransoletki, Z\u0142ote, Naprawa Z\u0142ota, Naprawa Srebra, \u0141a\u0144cuszki\",\"potentialAction\":[{\"@type\":\"SearchAction\",\"target\":{\"@type\":\"EntryPoint\",\"urlTemplate\":\"https:\/\/jubileraktynolit.com\/?s={search_term_string}\"},\"query-input\":{\"@type\":\"PropertyValueSpecification\",\"valueRequired\":true,\"valueName\":\"search_term_string\"}}],\"inLanguage\":\"pl-PL\"}]}<\/script>\n<!-- \/ Yoast SEO plugin. -->","yoast_head_json":{"title":"Oferta - Jubiler Gliwice AKTYNOLIT","robots":{"index":"index","follow":"follow","max-snippet":"max-snippet:-1","max-image-preview":"max-image-preview:large","max-video-preview":"max-video-preview:-1"},"canonical":"https:\/\/jubileraktynolit.com\/index.php\/oferta\/","og_locale":"pl_PL","og_type":"article","og_title":"Oferta - Jubiler Gliwice AKTYNOLIT","og_description":"[vc_row el_class=&#8221;custom-content-main&#8221;][vc_column][vc_row_inner][vc_column_inner][vc_column_text css_animation=&#8221;none&#8221;] Obr\u0105czki \u015blubne s\u0105 wa\u017cnym symbolem, bowiem m\u00f3wi\u0105 one o zwi\u0105zku dwojga ludzi! Aktynolit proponuje Pa\u0144stwu szerok\u0105 gam\u0119 ich wzor\u00f3w. Istnieje r\u00f3wnie\u017c spos\u00f3b, aby ten rodzaj bi\u017cuterii sta\u0142 si\u0119 wyj\u0105tkowy i niepowtarzalny. Tak\u0105 mo\u017cliwo\u015b\u0107 daje grawer po ich wewn\u0119trznej stronie. &nbsp; Pier\u015bcionek to jedna z najpi\u0119kniejszych ozd\u00f3b kobiecych d\u0142oni. R\u00f3\u017cne wzory, kszta\u0142ty oraz&hellip; Read More","og_url":"https:\/\/jubileraktynolit.com\/index.php\/oferta\/","og_site_name":"Jubiler Gliwice AKTYNOLIT","article_modified_time":"2021-09-13T15:06:57+00:00","og_image":[{"url":"https:\/\/aktynolit.pl\/wp-content\/uploads\/2021\/09\/ofertaobraczki1-300x164.png","type":"","width":"","height":""}],"twitter_card":"summary_large_image","twitter_misc":{"Szacowany czas czytania":"2 minuty"},"schema":{"@context":"https:\/\/schema.org","@graph":[{"@type":"WebPage","@id":"https:\/\/jubileraktynolit.com\/index.php\/oferta\/","url":"https:\/\/jubileraktynolit.com\/index.php\/oferta\/","name":"Oferta - Jubiler Gliwice AKTYNOLIT","isPartOf":{"@id":"https:\/\/jubileraktynolit.com\/#website"},"primaryImageOfPage":{"@id":"https:\/\/jubileraktynolit.com\/index.php\/oferta\/#primaryimage"},"image":{"@id":"https:\/\/jubileraktynolit.com\/index.php\/oferta\/#primaryimage"},"thumbnailUrl":"https:\/\/jubileraktynolit.com\/wp-content\/uploads\/2021\/09\/ofertaobraczki1-300x164.png","datePublished":"2012-10-22T12:17:12+00:00","dateModified":"2021-09-13T15:06:57+00:00","breadcrumb":{"@id":"https:\/\/jubileraktynolit.com\/index.php\/oferta\/#breadcrumb"},"inLanguage":"pl-PL","potentialAction":[{"@type":"ReadAction","target":["https:\/\/jubileraktynolit.com\/index.php\/oferta\/"]}]},{"@type":"ImageObject","inLanguage":"pl-PL","@id":"https:\/\/jubileraktynolit.com\/index.php\/oferta\/#primaryimage","url":"https:\/\/jubileraktynolit.com\/wp-content\/uploads\/2021\/09\/ofertaobraczki1.png","contentUrl":"https:\/\/jubileraktynolit.com\/wp-content\/uploads\/2021\/09\/ofertaobraczki1.png","width":330,"height":180},{"@type":"BreadcrumbList","@id":"https:\/\/jubileraktynolit.com\/index.php\/oferta\/#breadcrumb","itemListElement":[{"@type":"ListItem","position":1,"name":"Home","item":"https:\/\/jubileraktynolit.com\/"},{"@type":"ListItem","position":2,"name":"Oferta"}]},{"@type":"WebSite","@id":"https:\/\/jubileraktynolit.com\/#website","url":"https:\/\/jubileraktynolit.com\/","name":"Jubiler Gliwice AKTYNOLIT","description":"Obr\u0105czki, Z\u0142oto, Srebro, Pier\u015bcionki, Pier\u015bcionki zar\u0119czynowe, Obr\u0105czki \u015blubne, Kolczyki, Wisiorki, Bransolety, Bransoletki, Z\u0142ote, Naprawa Z\u0142ota, Naprawa Srebra, \u0141a\u0144cuszki","potentialAction":[{"@type":"SearchAction","target":{"@type":"EntryPoint","urlTemplate":"https:\/\/jubileraktynolit.com\/?s={search_term_string}"},"query-input":{"@type":"PropertyValueSpecification","valueRequired":true,"valueName":"search_term_string"}}],"inLanguage":"pl-PL"}]}},"jetpack_sharing_enabled":true,"_links":{"self":[{"href":"https:\/\/jubileraktynolit.com\/index.php\/wp-json\/wp\/v2\/pages\/483","targetHints":{"allow":["GET"]}}],"collection":[{"href":"https:\/\/jubileraktynolit.com\/index.php\/wp-json\/wp\/v2\/pages"}],"about":[{"href":"https:\/\/jubileraktynolit.com\/index.php\/wp-json\/wp\/v2\/types\/page"}],"author":[{"embeddable":true,"href":"https:\/\/jubileraktynolit.com\/index.php\/wp-json\/wp\/v2\/users\/1"}],"replies":[{"embeddable":true,"href":"https:\/\/jubileraktynolit.com\/index.php\/wp-json\/wp\/v2\/comments?post=483"}],"version-history":[{"count":9,"href":"https:\/\/jubileraktynolit.com\/index.php\/wp-json\/wp\/v2\/pages\/483\/revisions"}],"predecessor-version":[{"id":9150,"href":"https:\/\/jubileraktynolit.com\/index.php\/wp-json\/wp\/v2\/pages\/483\/revisions\/9150"}],"wp:attachment":[{"href":"https:\/\/jubileraktynolit.com\/index.php\/wp-json\/wp\/v2\/media?parent=483"}],"curies":[{"name":"wp","href":"https:\/\/api.w.org\/{rel}","templated":true}]}}