{"id":476,"date":"2012-10-22T12:16:48","date_gmt":"2012-10-22T12:16:48","guid":{"rendered":"http:\/\/template-demos.com\/wp\/WP01\/WP010005\/?page_id=10"},"modified":"2023-07-18T09:11:32","modified_gmt":"2023-07-18T08:11:32","slug":"kontakt","status":"publish","type":"page","link":"https:\/\/jubileraktynolit.com\/index.php\/kontakt\/","title":{"rendered":"Kontakt"},"content":{"rendered":"<p>[vc_row css=&#8221;.vc_custom_1487328821824{margin-bottom: 50px !important;}&#8221;][vc_column][vc_row_inner el_class=&#8221;content-main-other&#8221;][vc_column_inner][vc_gmaps link=&#8221;#E-8_JTNDaWZyYW1lJTIwc3JjJTNEJTIyaHR0cHMlM0ElMkYlMkZ3d3cuZ29vZ2xlLmNvbSUyRm1hcHMlMkZlbWJlZCUzRnBiJTNEJTIxMW0xOCUyMTFtMTIlMjExbTMlMjExZDI1NDguNzA2NTA4NTY5NTY2JTIxMmQxOC42NzQ0ODgwMTU3MjU4MyUyMTNkNTAuMjk3NDA2MTc5NDU0NDclMjEybTMlMjExZjAlMjEyZjAlMjEzZjAlMjEzbTIlMjExaTEwMjQlMjEyaTc2OCUyMTRmMTMuMSUyMTNtMyUyMTFtMiUyMTFzMHg0NzExMzA1NGQ5MzQ2MzcxJTI1M0EweDZkZjhhNjRjYjFjMzE1MGMlMjEyc0Zpcm1hJTI1MjBKdWJpbGVyc2thJTI1MjBBa3R5bm9saXQlMjE1ZTAlMjEzbTIlMjExc2VuJTIxMnNkZSUyMTR2MTYzMTU1MjAyMjI1NCUyMTVtMiUyMTFzZW4lMjEyc2RlJTIyJTIwd2lkdGglM0QlMjI2MDAlMjIlMjBoZWlnaHQlM0QlMjI0NTAlMjIlMjBzdHlsZSUzRCUyMmJvcmRlciUzQTAlM0IlMjIlMjBhbGxvd2Z1bGxzY3JlZW4lM0QlMjIlMjIlMjBsb2FkaW5nJTNEJTIybGF6eSUyMiUzRSUzQyUyRmlmcmFtZSUzRQ==&#8221; el_class=&#8221;google-map&#8221;][\/vc_column_inner][\/vc_row_inner][\/vc_column][\/vc_row][vc_row el_class=&#8221;custom-content-main&#8221; css=&#8221;.vc_custom_1549693867628{padding-top: 25px !important;}&#8221;][vc_column]<div class=\"shortcode-title center \"><h3 class=\"normal-title\">Kontakt<\/h3><\/div>[\/vc_column][\/vc_row][vc_row el_class=&#8221;custom-content-main&#8221;][vc_column width=&#8221;1\/3&#8243; el_class=&#8221;contact-form-right&#8221;]<div class=\"address-container hb-animate-element right-to-left\"><div class=\"address-text first\"><div class=\"address-text-inner\"><div class=\"icon\"><i class=\"fa fa-map-marker\"><\/i><\/div> <div class=\"content\"><div class=\"address-label\">Adres:<\/div>Gliwice, ul. Ks. Herberta Hlubka 3<\/div> <\/div><\/div><div class=\"address-text second\"><div class=\"address-text-inner\"><div class=\"icon\"><i class=\"fa fa-phone\"><\/i><\/div> <div class=\"content\"><div class=\"address-label\">Telefon:<\/div>+48 32 231 93 55<\/div> <\/div><\/div><div class=\"address-text third\"><div class=\"address-text-inner\"><div class=\"icon\"><i class=\"fa fa-envelope \"><\/i><\/div> <div class=\"content\"><div class=\"address-label\">Email:<\/div><a href=\"mailto:aktynolit@gmail.com\">aktynolit@gmail.com<\/a><p>pn-pt : 9.00 \u2013 17.00      sob : nieczynne<\/p><\/div><\/div><\/div><\/div>[\/vc_column][\/vc_row]<\/p>\n","protected":false},"excerpt":{"rendered":"<p>[vc_row css=&#8221;.vc_custom_1487328821824{margin-bottom: 50px !important;}&#8221;][vc_column][vc_row_inner el_class=&#8221;content-main-other&#8221;][vc_column_inner][vc_gmaps link=&#8221;#E-8_JTNDaWZyYW1lJTIwc3JjJTNEJTIyaHR0cHMlM0ElMkYlMkZ3d3cuZ29vZ2xlLmNvbSUyRm1hcHMlMkZlbWJlZCUzRnBiJTNEJTIxMW0xOCUyMTFtMTIlMjExbTMlMjExZDI1NDguNzA2NTA4NTY5NTY2JTIxMmQxOC42NzQ0ODgwMTU3MjU4MyUyMTNkNTAuMjk3NDA2MTc5NDU0NDclMjEybTMlMjExZjAlMjEyZjAlMjEzZjAlMjEzbTIlMjExaTEwMjQlMjEyaTc2OCUyMTRmMTMuMSUyMTNtMyUyMTFtMiUyMTFzMHg0NzExMzA1NGQ5MzQ2MzcxJTI1M0EweDZkZjhhNjRjYjFjMzE1MGMlMjEyc0Zpcm1hJTI1MjBKdWJpbGVyc2thJTI1MjBBa3R5bm9saXQlMjE1ZTAlMjEzbTIlMjExc2VuJTIxMnNkZSUyMTR2MTYzMTU1MjAyMjI1NCUyMTVtMiUyMTFzZW4lMjEyc2RlJTIyJTIwd2lkdGglM0QlMjI2MDAlMjIlMjBoZWlnaHQlM0QlMjI0NTAlMjIlMjBzdHlsZSUzRCUyMmJvcmRlciUzQTAlM0IlMjIlMjBhbGxvd2Z1bGxzY3JlZW4lM0QlMjIlMjIlMjBsb2FkaW5nJTNEJTIybGF6eSUyMiUzRSUzQyUyRmlmcmFtZSUzRQ==&#8221; el_class=&#8221;google-map&#8221;][\/vc_column_inner][\/vc_row_inner][\/vc_column][\/vc_row][vc_row el_class=&#8221;custom-content-main&#8221; css=&#8221;.vc_custom_1549693867628{padding-top: 25px !important;}&#8221;][vc_column][\/vc_column][\/vc_row][vc_row el_class=&#8221;custom-content-main&#8221;][vc_column width=&#8221;1\/3&#8243; el_class=&#8221;contact-form-right&#8221;][\/vc_column][\/vc_row]<\/p>\n","protected":false},"author":1,"featured_media":0,"parent":0,"menu_order":0,"comment_status":"closed","ping_status":"closed","template":"","meta":{"_monsterinsights_skip_tracking":false,"_monsterinsights_sitenote_active":false,"_monsterinsights_sitenote_note":"","_monsterinsights_sitenote_category":0,"footnotes":""},"class_list":["post-476","page","type-page","status-publish","hentry"],"yoast_head":"<!-- This site is optimized with the Yoast SEO plugin v25.2 - https:\/\/yoast.com\/wordpress\/plugins\/seo\/ -->\n<title>Kontakt - Jubiler Gliwice AKTYNOLIT<\/title>\n<meta name=\"robots\" content=\"index, follow, max-snippet:-1, max-image-preview:large, max-video-preview:-1\" \/>\n<link rel=\"canonical\" href=\"https:\/\/jubileraktynolit.com\/index.php\/kontakt\/\" \/>\n<meta property=\"og:locale\" content=\"pl_PL\" \/>\n<meta property=\"og:type\" content=\"article\" \/>\n<meta property=\"og:title\" content=\"Kontakt - Jubiler Gliwice AKTYNOLIT\" \/>\n<meta property=\"og:description\" content=\"[vc_row css=&#8221;.vc_custom_1487328821824{margin-bottom: 50px !important;}&#8221;][vc_column][vc_row_inner el_class=&#8221;content-main-other&#8221;][vc_column_inner][vc_gmaps link=&#8221;#E-8_JTNDaWZyYW1lJTIwc3JjJTNEJTIyaHR0cHMlM0ElMkYlMkZ3d3cuZ29vZ2xlLmNvbSUyRm1hcHMlMkZlbWJlZCUzRnBiJTNEJTIxMW0xOCUyMTFtMTIlMjExbTMlMjExZDI1NDguNzA2NTA4NTY5NTY2JTIxMmQxOC42NzQ0ODgwMTU3MjU4MyUyMTNkNTAuMjk3NDA2MTc5NDU0NDclMjEybTMlMjExZjAlMjEyZjAlMjEzZjAlMjEzbTIlMjExaTEwMjQlMjEyaTc2OCUyMTRmMTMuMSUyMTNtMyUyMTFtMiUyMTFzMHg0NzExMzA1NGQ5MzQ2MzcxJTI1M0EweDZkZjhhNjRjYjFjMzE1MGMlMjEyc0Zpcm1hJTI1MjBKdWJpbGVyc2thJTI1MjBBa3R5bm9saXQlMjE1ZTAlMjEzbTIlMjExc2VuJTIxMnNkZSUyMTR2MTYzMTU1MjAyMjI1NCUyMTVtMiUyMTFzZW4lMjEyc2RlJTIyJTIwd2lkdGglM0QlMjI2MDAlMjIlMjBoZWlnaHQlM0QlMjI0NTAlMjIlMjBzdHlsZSUzRCUyMmJvcmRlciUzQTAlM0IlMjIlMjBhbGxvd2Z1bGxzY3JlZW4lM0QlMjIlMjIlMjBsb2FkaW5nJTNEJTIybGF6eSUyMiUzRSUzQyUyRmlmcmFtZSUzRQ==&#8221; el_class=&#8221;google-map&#8221;][\/vc_column_inner][\/vc_row_inner][\/vc_column][\/vc_row][vc_row el_class=&#8221;custom-content-main&#8221; css=&#8221;.vc_custom_1549693867628{padding-top: 25px !important;}&#8221;][vc_column][\/vc_column][\/vc_row][vc_row el_class=&#8221;custom-content-main&#8221;][vc_column width=&#8221;1\/3&#8243; el_class=&#8221;contact-form-right&#8221;][\/vc_column][\/vc_row]\" \/>\n<meta property=\"og:url\" content=\"https:\/\/jubileraktynolit.com\/index.php\/kontakt\/\" \/>\n<meta property=\"og:site_name\" content=\"Jubiler Gliwice AKTYNOLIT\" \/>\n<meta property=\"article:modified_time\" content=\"2023-07-18T08:11:32+00:00\" \/>\n<meta name=\"twitter:card\" content=\"summary_large_image\" \/>\n<meta name=\"twitter:label1\" content=\"Szacowany czas czytania\" \/>\n\t<meta name=\"twitter:data1\" content=\"1 minuta\" \/>\n<script type=\"application\/ld+json\" class=\"yoast-schema-graph\">{\"@context\":\"https:\/\/schema.org\",\"@graph\":[{\"@type\":\"WebPage\",\"@id\":\"https:\/\/jubileraktynolit.com\/index.php\/kontakt\/\",\"url\":\"https:\/\/jubileraktynolit.com\/index.php\/kontakt\/\",\"name\":\"Kontakt - Jubiler Gliwice AKTYNOLIT\",\"isPartOf\":{\"@id\":\"https:\/\/jubileraktynolit.com\/#website\"},\"datePublished\":\"2012-10-22T12:16:48+00:00\",\"dateModified\":\"2023-07-18T08:11:32+00:00\",\"breadcrumb\":{\"@id\":\"https:\/\/jubileraktynolit.com\/index.php\/kontakt\/#breadcrumb\"},\"inLanguage\":\"pl-PL\",\"potentialAction\":[{\"@type\":\"ReadAction\",\"target\":[\"https:\/\/jubileraktynolit.com\/index.php\/kontakt\/\"]}]},{\"@type\":\"BreadcrumbList\",\"@id\":\"https:\/\/jubileraktynolit.com\/index.php\/kontakt\/#breadcrumb\",\"itemListElement\":[{\"@type\":\"ListItem\",\"position\":1,\"name\":\"Home\",\"item\":\"https:\/\/jubileraktynolit.com\/\"},{\"@type\":\"ListItem\",\"position\":2,\"name\":\"Kontakt\"}]},{\"@type\":\"WebSite\",\"@id\":\"https:\/\/jubileraktynolit.com\/#website\",\"url\":\"https:\/\/jubileraktynolit.com\/\",\"name\":\"Jubiler Gliwice AKTYNOLIT\",\"description\":\"Obr\u0105czki, Z\u0142oto, Srebro, Pier\u015bcionki, Pier\u015bcionki zar\u0119czynowe, Obr\u0105czki \u015blubne, Kolczyki, Wisiorki, Bransolety, Bransoletki, Z\u0142ote, Naprawa Z\u0142ota, Naprawa Srebra, \u0141a\u0144cuszki\",\"potentialAction\":[{\"@type\":\"SearchAction\",\"target\":{\"@type\":\"EntryPoint\",\"urlTemplate\":\"https:\/\/jubileraktynolit.com\/?s={search_term_string}\"},\"query-input\":{\"@type\":\"PropertyValueSpecification\",\"valueRequired\":true,\"valueName\":\"search_term_string\"}}],\"inLanguage\":\"pl-PL\"}]}<\/script>\n<!-- \/ Yoast SEO plugin. -->","yoast_head_json":{"title":"Kontakt - Jubiler Gliwice AKTYNOLIT","robots":{"index":"index","follow":"follow","max-snippet":"max-snippet:-1","max-image-preview":"max-image-preview:large","max-video-preview":"max-video-preview:-1"},"canonical":"https:\/\/jubileraktynolit.com\/index.php\/kontakt\/","og_locale":"pl_PL","og_type":"article","og_title":"Kontakt - Jubiler Gliwice AKTYNOLIT","og_description":"[vc_row css=&#8221;.vc_custom_1487328821824{margin-bottom: 50px !important;}&#8221;][vc_column][vc_row_inner el_class=&#8221;content-main-other&#8221;][vc_column_inner][vc_gmaps link=&#8221;#E-8_JTNDaWZyYW1lJTIwc3JjJTNEJTIyaHR0cHMlM0ElMkYlMkZ3d3cuZ29vZ2xlLmNvbSUyRm1hcHMlMkZlbWJlZCUzRnBiJTNEJTIxMW0xOCUyMTFtMTIlMjExbTMlMjExZDI1NDguNzA2NTA4NTY5NTY2JTIxMmQxOC42NzQ0ODgwMTU3MjU4MyUyMTNkNTAuMjk3NDA2MTc5NDU0NDclMjEybTMlMjExZjAlMjEyZjAlMjEzZjAlMjEzbTIlMjExaTEwMjQlMjEyaTc2OCUyMTRmMTMuMSUyMTNtMyUyMTFtMiUyMTFzMHg0NzExMzA1NGQ5MzQ2MzcxJTI1M0EweDZkZjhhNjRjYjFjMzE1MGMlMjEyc0Zpcm1hJTI1MjBKdWJpbGVyc2thJTI1MjBBa3R5bm9saXQlMjE1ZTAlMjEzbTIlMjExc2VuJTIxMnNkZSUyMTR2MTYzMTU1MjAyMjI1NCUyMTVtMiUyMTFzZW4lMjEyc2RlJTIyJTIwd2lkdGglM0QlMjI2MDAlMjIlMjBoZWlnaHQlM0QlMjI0NTAlMjIlMjBzdHlsZSUzRCUyMmJvcmRlciUzQTAlM0IlMjIlMjBhbGxvd2Z1bGxzY3JlZW4lM0QlMjIlMjIlMjBsb2FkaW5nJTNEJTIybGF6eSUyMiUzRSUzQyUyRmlmcmFtZSUzRQ==&#8221; el_class=&#8221;google-map&#8221;][\/vc_column_inner][\/vc_row_inner][\/vc_column][\/vc_row][vc_row el_class=&#8221;custom-content-main&#8221; css=&#8221;.vc_custom_1549693867628{padding-top: 25px !important;}&#8221;][vc_column][\/vc_column][\/vc_row][vc_row el_class=&#8221;custom-content-main&#8221;][vc_column width=&#8221;1\/3&#8243; el_class=&#8221;contact-form-right&#8221;][\/vc_column][\/vc_row]","og_url":"https:\/\/jubileraktynolit.com\/index.php\/kontakt\/","og_site_name":"Jubiler Gliwice AKTYNOLIT","article_modified_time":"2023-07-18T08:11:32+00:00","twitter_card":"summary_large_image","twitter_misc":{"Szacowany czas czytania":"1 minuta"},"schema":{"@context":"https:\/\/schema.org","@graph":[{"@type":"WebPage","@id":"https:\/\/jubileraktynolit.com\/index.php\/kontakt\/","url":"https:\/\/jubileraktynolit.com\/index.php\/kontakt\/","name":"Kontakt - Jubiler Gliwice AKTYNOLIT","isPartOf":{"@id":"https:\/\/jubileraktynolit.com\/#website"},"datePublished":"2012-10-22T12:16:48+00:00","dateModified":"2023-07-18T08:11:32+00:00","breadcrumb":{"@id":"https:\/\/jubileraktynolit.com\/index.php\/kontakt\/#breadcrumb"},"inLanguage":"pl-PL","potentialAction":[{"@type":"ReadAction","target":["https:\/\/jubileraktynolit.com\/index.php\/kontakt\/"]}]},{"@type":"BreadcrumbList","@id":"https:\/\/jubileraktynolit.com\/index.php\/kontakt\/#breadcrumb","itemListElement":[{"@type":"ListItem","position":1,"name":"Home","item":"https:\/\/jubileraktynolit.com\/"},{"@type":"ListItem","position":2,"name":"Kontakt"}]},{"@type":"WebSite","@id":"https:\/\/jubileraktynolit.com\/#website","url":"https:\/\/jubileraktynolit.com\/","name":"Jubiler Gliwice AKTYNOLIT","description":"Obr\u0105czki, Z\u0142oto, Srebro, Pier\u015bcionki, Pier\u015bcionki zar\u0119czynowe, Obr\u0105czki \u015blubne, Kolczyki, Wisiorki, Bransolety, Bransoletki, Z\u0142ote, Naprawa Z\u0142ota, Naprawa Srebra, \u0141a\u0144cuszki","potentialAction":[{"@type":"SearchAction","target":{"@type":"EntryPoint","urlTemplate":"https:\/\/jubileraktynolit.com\/?s={search_term_string}"},"query-input":{"@type":"PropertyValueSpecification","valueRequired":true,"valueName":"search_term_string"}}],"inLanguage":"pl-PL"}]}},"jetpack_sharing_enabled":true,"_links":{"self":[{"href":"https:\/\/jubileraktynolit.com\/index.php\/wp-json\/wp\/v2\/pages\/476","targetHints":{"allow":["GET"]}}],"collection":[{"href":"https:\/\/jubileraktynolit.com\/index.php\/wp-json\/wp\/v2\/pages"}],"about":[{"href":"https:\/\/jubileraktynolit.com\/index.php\/wp-json\/wp\/v2\/types\/page"}],"author":[{"embeddable":true,"href":"https:\/\/jubileraktynolit.com\/index.php\/wp-json\/wp\/v2\/users\/1"}],"replies":[{"embeddable":true,"href":"https:\/\/jubileraktynolit.com\/index.php\/wp-json\/wp\/v2\/comments?post=476"}],"version-history":[{"count":8,"href":"https:\/\/jubileraktynolit.com\/index.php\/wp-json\/wp\/v2\/pages\/476\/revisions"}],"predecessor-version":[{"id":9839,"href":"https:\/\/jubileraktynolit.com\/index.php\/wp-json\/wp\/v2\/pages\/476\/revisions\/9839"}],"wp:attachment":[{"href":"https:\/\/jubileraktynolit.com\/index.php\/wp-json\/wp\/v2\/media?parent=476"}],"curies":[{"name":"wp","href":"https:\/\/api.w.org\/{rel}","templated":true}]}}