{"id":212,"date":"2012-10-22T12:11:15","date_gmt":"2012-10-22T12:11:15","guid":{"rendered":"http:\/\/template-demos.com\/wp\/WP01\/WP010005\/?page_id=4"},"modified":"2023-07-18T09:15:53","modified_gmt":"2023-07-18T08:15:53","slug":"home","status":"publish","type":"page","link":"https:\/\/jubileraktynolit.com\/","title":{"rendered":"Home"},"content":{"rendered":"<p>[vc_row][vc_column][\/vc_column][\/vc_row][vc_row][vc_column][vc_media_grid grid_id=&#8221;vc_gid:1689668118033-436154cc-f023-9&#8243;][\/vc_column][\/vc_row][vc_row el_class=&#8221;theme-container&#8221; css=&#8221;.vc_custom_1550830083450{padding-top: 72px !important;padding-bottom: 55px !important;}&#8221;][vc_column width=&#8221;1\/3&#8243; el_class=&#8221;sub-banner1&#8243;]<div class=\"cms-banner-item left-img style-1 \"><div class=\"cms-banner-inner\"><a href=\"https:\/\/jubileraktynolit.com\/index.php\/oferta\/obraczki\/ \" target=\"_blank\"><div class=\"cms-banner-img\"><img decoding=\"async\" data-src=\"https:\/\/jubileraktynolit.com\/wp-content\/uploads\/2022\/11\/Projekt-bez-tytulu-2.png\" alt=\"Home\" src=\"data:image\/gif;base64,R0lGODlhAQABAAAAACH5BAEKAAEALAAAAAABAAEAAAICTAEAOw==\" class=\"lazyload\" style=\"--smush-placeholder-width: 447px; --smush-placeholder-aspect-ratio: 447\/306;\" \/><\/div><\/a><span class=\"static-wrapper\"><span class=\"cms-text\"><span class=\"static-inner\"><span class=\"banner-info\"><span class=\"text1 static-text\">NASZE<\/span><span class=\"text2 static-text\">OBR\u0104CZKI<\/span><span class=\"shop-now\"><a href=\"https:\/\/jubileraktynolit.com\/index.php\/oferta\/obraczki\/ \" target=\"_blank\" class=\"link-text\">zobacz wszystkie obr\u0105czki<\/a><\/span><\/span><\/span><\/span><\/span><\/div><\/div><div class=\"cms-banner-item left-img style-1 \"><div class=\"cms-banner-inner\"><a href=\"https:\/\/jubileraktynolit.com\/index.php\/oferta\/pierscionki\/ \" target=\"_blank\"><div class=\"cms-banner-img\"><img decoding=\"async\" data-src=\"https:\/\/jubileraktynolit.com\/wp-content\/uploads\/2023\/04\/Projekt-bez-tytulu-2.png\" alt=\"Home\" src=\"data:image\/gif;base64,R0lGODlhAQABAAAAACH5BAEKAAEALAAAAAABAAEAAAICTAEAOw==\" class=\"lazyload\" style=\"--smush-placeholder-width: 447px; --smush-placeholder-aspect-ratio: 447\/306;\" \/><\/div><\/a><span class=\"static-wrapper\"><span class=\"cms-text\"><span class=\"static-inner\"><span class=\"banner-info\"><span class=\"text1 static-text\">Pi\u0119kne<\/span><span class=\"text2 static-text\">PIER\u015aCIONKI<\/span><span class=\"shop-now\"><a href=\"https:\/\/jubileraktynolit.com\/index.php\/oferta\/pierscionki\/ \" target=\"_blank\" class=\"link-text\">zobacz wszystkie<\/a><\/span><\/span><\/span><\/span><\/span><\/div><\/div>[\/vc_column][vc_column width=&#8221;1\/3&#8243; el_class=&#8221;sub-banner1&#8243;]<div class=\"cms-banner-item center-img style-1 \"><div class=\"cms-banner-inner\"><a href=\"https:\/\/jubileraktynolit.com\/index.php\/oferta\/wisiorki-i-zawieszki\/ \" target=\"_blank\"><div class=\"cms-banner-img\"><img decoding=\"async\" data-src=\"https:\/\/jubileraktynolit.com\/wp-content\/uploads\/2022\/11\/2.png\" alt=\"Home\" src=\"data:image\/gif;base64,R0lGODlhAQABAAAAACH5BAEKAAEALAAAAAABAAEAAAICTAEAOw==\" class=\"lazyload\" style=\"--smush-placeholder-width: 447px; --smush-placeholder-aspect-ratio: 447\/306;\" \/><\/div><\/a><span class=\"static-wrapper\"><span class=\"cms-text\"><span class=\"static-inner\"><span class=\"banner-info\"><span class=\"text1 static-text\">WISIORKI<\/span><span class=\"text2 static-text\">ZAWIESZKI<\/span><span class=\"shop-now\"><a href=\"https:\/\/jubileraktynolit.com\/index.php\/oferta\/wisiorki-i-zawieszki\/ \" target=\"_blank\" class=\"link-text\">zobacz wszystkie<\/a><\/span><\/span><\/span><\/span><\/span><\/div><\/div><div class=\"cms-banner-item center-img style-1 \"><div class=\"cms-banner-inner\"><a href=\"https:\/\/jubileraktynolit.com\/index.php\/oferta\/bransoletki\/ \" target=\"_blank\"><div class=\"cms-banner-img\"><img decoding=\"async\" data-src=\"https:\/\/jubileraktynolit.com\/wp-content\/uploads\/2023\/04\/Projekt-bez-tytulu-3.png\" alt=\"Home\" src=\"data:image\/gif;base64,R0lGODlhAQABAAAAACH5BAEKAAEALAAAAAABAAEAAAICTAEAOw==\" class=\"lazyload\" style=\"--smush-placeholder-width: 447px; --smush-placeholder-aspect-ratio: 447\/306;\" \/><\/div><\/a><span class=\"static-wrapper\"><span class=\"cms-text\"><span class=\"static-inner\"><span class=\"banner-info\"><span class=\"text2 static-text\">BRANSOLETKI<\/span><span class=\"shop-now\"><a href=\"https:\/\/jubileraktynolit.com\/index.php\/oferta\/bransoletki\/ \" target=\"_blank\" class=\"link-text\">zobacz wszystkie<\/a><\/span><\/span><\/span><\/span><\/span><\/div><\/div>[\/vc_column][vc_column width=&#8221;1\/3&#8243; el_class=&#8221;sub-banner1&#8243;]<div class=\"cms-banner-item right-img style-1 \"><div class=\"cms-banner-inner\"><a href=\"https:\/\/jubileraktynolit.com\/index.php\/oferta\/kolczyki\/ \" target=\"_blank\"><div class=\"cms-banner-img\"><img decoding=\"async\" data-src=\"https:\/\/jubileraktynolit.com\/wp-content\/uploads\/2022\/11\/3.png\" alt=\"Home\" src=\"data:image\/gif;base64,R0lGODlhAQABAAAAACH5BAEKAAEALAAAAAABAAEAAAICTAEAOw==\" class=\"lazyload\" style=\"--smush-placeholder-width: 447px; --smush-placeholder-aspect-ratio: 447\/306;\" \/><\/div><\/a><span class=\"static-wrapper\"><span class=\"cms-text\"><span class=\"static-inner\"><span class=\"banner-info\"><span class=\"text1 static-text\">KOBIECE<\/span><span class=\"text2 static-text\">KOLCZYKI<\/span><span class=\"shop-now\"><a href=\"https:\/\/jubileraktynolit.com\/index.php\/oferta\/kolczyki\/ \" target=\"_blank\" class=\"link-text\">zobacz wszystkie<\/a><\/span><\/span><\/span><\/span><\/span><\/div><\/div><div class=\"cms-banner-item right-img style-1 \"><div class=\"cms-banner-inner\"><a href=\"https:\/\/jubileraktynolit.com\/index.php\/oferta\/kolczyki\/ \" target=\"_blank\"><div class=\"cms-banner-img\"><img decoding=\"async\" data-src=\"https:\/\/jubileraktynolit.com\/wp-content\/uploads\/2023\/04\/Projekt-bez-tytulu-4-1.png\" alt=\"Home\" src=\"data:image\/gif;base64,R0lGODlhAQABAAAAACH5BAEKAAEALAAAAAABAAEAAAICTAEAOw==\" class=\"lazyload\" style=\"--smush-placeholder-width: 447px; --smush-placeholder-aspect-ratio: 447\/306;\" \/><\/div><\/a><span class=\"static-wrapper\"><span class=\"cms-text\"><span class=\"static-inner\"><span class=\"banner-info\"><span class=\"text1 static-text\">M\u0119skie i Damskie<\/span><span class=\"text2 static-text\">SYGNETY<\/span><span class=\"shop-now\"><a href=\"https:\/\/jubileraktynolit.com\/index.php\/oferta\/kolczyki\/ \" target=\"_blank\" class=\"link-text\">zobacz wszystkie<\/a><\/span><\/span><\/span><\/span><\/span><\/div><\/div>[\/vc_column][\/vc_row][vc_row css=&#8221;.vc_custom_1569584735528{margin-top: 20px !important;padding-top: 3% !important;padding-bottom: 3% !important;background-color: #f5f5f5 !important;}&#8221;][vc_column][vc_row_inner el_class=&#8221;theme-container&#8221;][vc_column_inner width=&#8221;1\/4&#8243;]<div class=\"service-list service-1\"><div class=\"home-service-content\"><a class=\"icon-image\" href=\"https:\/\/www.google.pl\/maps\/place\/Firma+Jubilerska+Aktynolit\/@50.2974659,18.6761921,17z\/data=!3m1!4b1!4m6!3m5!1s0x47113054d9346371:0x6df8a64cb1c3150c!8m2!3d50.2974625!4d18.678767!16s%2Fg%2F1t_kf7g5\" title=\"ODZWIE\u0179 NAS _blank\"><\/a><div class=\"content\"><div class=\"service-title\"><a href=\"https:\/\/www.google.pl\/maps\/place\/Firma+Jubilerska+Aktynolit\/@50.2974659,18.6761921,17z\/data=!3m1!4b1!4m6!3m5!1s0x47113054d9346371:0x6df8a64cb1c3150c!8m2!3d50.2974625!4d18.678767!16s%2Fg%2F1t_kf7g5\" title=\"ODZWIE\u0179 NAS\" target=\"_blank\">ODZWIE\u0179 NAS<\/a><\/div><div class=\"service-desc\"><a href=\"https:\/\/www.google.pl\/maps\/place\/Firma+Jubilerska+Aktynolit\/@50.2974659,18.6761921,17z\/data=!3m1!4b1!4m6!3m5!1s0x47113054d9346371:0x6df8a64cb1c3150c!8m2!3d50.2974625!4d18.678767!16s%2Fg%2F1t_kf7g5\" title=\"ODZWIE\u0179 NAS\" target=\"_blank\">Ks Herberta Hlubka 3<\/a><\/div><\/div><\/div><\/div>[\/vc_column_inner][vc_column_inner width=&#8221;1\/4&#8243;]<div class=\"service-list service-2\"><div class=\"home-service-content\"><a class=\"icon-image\" href=\"#\" title=\"ZADZWO\u0143 DO NAS ! _blank\"><\/a><div class=\"content\"><div class=\"service-title\"><a href=\"#\" title=\"ZADZWO\u0143 DO NAS !\" target=\"_blank\">ZADZWO\u0143 DO NAS !<\/a><\/div><div class=\"service-desc\"><a href=\"#\" title=\"ZADZWO\u0143 DO NAS !\" target=\"_blank\">+48 32 233 93 55<\/a><\/div><\/div><\/div><\/div>[\/vc_column_inner][vc_column_inner width=&#8221;1\/4&#8243;]<div class=\"service-list service-3\"><div class=\"home-service-content\"><a class=\"icon-image\" href=\"#\" title=\"SUPER OFERTA _blank\"><\/a><div class=\"content\"><div class=\"service-title\"><a href=\"#\" title=\"SUPER OFERTA\" target=\"_blank\">SUPER OFERTA<\/a><\/div><div class=\"service-desc\"><a href=\"#\" title=\"SUPER OFERTA\" target=\"_blank\">Super ceny !<\/a><\/div><\/div><\/div><\/div>[\/vc_column_inner][vc_column_inner width=&#8221;1\/4&#8243;]<div class=\"service-list service-4\"><div class=\"home-service-content\"><a class=\"icon-image\" href=\"https:\/\/www.facebook.com\/aktynolit\/\" title=\"ZNAJD\u0179 NAS _blank\"><\/a><div class=\"content\"><div class=\"service-title\"><a href=\"https:\/\/www.facebook.com\/aktynolit\/\" title=\"ZNAJD\u0179 NAS\" target=\"_blank\">ZNAJD\u0179 NAS<\/a><\/div><div class=\"service-desc\"><a href=\"https:\/\/www.facebook.com\/aktynolit\/\" title=\"ZNAJD\u0179 NAS\" target=\"_blank\">Zapraszamy na facebooka<\/a><\/div><\/div><\/div><\/div>[\/vc_column_inner][\/vc_row_inner][\/vc_column][\/vc_row]<\/p>\n","protected":false},"excerpt":{"rendered":"<p>[vc_row][vc_column][\/vc_column][\/vc_row][vc_row][vc_column][vc_media_grid grid_id=&#8221;vc_gid:1689668118033-436154cc-f023-9&#8243;][\/vc_column][\/vc_row][vc_row el_class=&#8221;theme-container&#8221; css=&#8221;.vc_custom_1550830083450{padding-top: 72px !important;padding-bottom: 55px !important;}&#8221;][vc_column width=&#8221;1\/3&#8243; el_class=&#8221;sub-banner1&#8243;][\/vc_column][vc_column width=&#8221;1\/3&#8243; el_class=&#8221;sub-banner1&#8243;][\/vc_column][vc_column width=&#8221;1\/3&#8243; el_class=&#8221;sub-banner1&#8243;][\/vc_column][\/vc_row][vc_row css=&#8221;.vc_custom_1569584735528{margin-top: 20px !important;padding-top: 3% !important;padding-bottom: 3% !important;background-color: #f5f5f5 !important;}&#8221;][vc_column][vc_row_inner el_class=&#8221;theme-container&#8221;][vc_column_inner width=&#8221;1\/4&#8243;][\/vc_column_inner][vc_column_inner width=&#8221;1\/4&#8243;][\/vc_column_inner][vc_column_inner width=&#8221;1\/4&#8243;][\/vc_column_inner][vc_column_inner width=&#8221;1\/4&#8243;][\/vc_column_inner][\/vc_row_inner][\/vc_column][\/vc_row]<\/p>\n","protected":false},"author":1,"featured_media":0,"parent":0,"menu_order":0,"comment_status":"closed","ping_status":"open","template":"page-templates\/home.php","meta":{"_monsterinsights_skip_tracking":false,"_monsterinsights_sitenote_active":false,"_monsterinsights_sitenote_note":"","_monsterinsights_sitenote_category":0,"footnotes":""},"class_list":["post-212","page","type-page","status-publish","hentry"],"yoast_head":"<!-- This site is optimized with the Yoast SEO plugin v25.2 - https:\/\/yoast.com\/wordpress\/plugins\/seo\/ -->\n<title>Home - Jubiler Gliwice AKTYNOLIT<\/title>\n<meta name=\"robots\" content=\"index, follow, max-snippet:-1, max-image-preview:large, max-video-preview:-1\" \/>\n<link rel=\"canonical\" href=\"https:\/\/jubileraktynolit.com\/\" \/>\n<meta property=\"og:locale\" content=\"pl_PL\" \/>\n<meta property=\"og:type\" content=\"article\" \/>\n<meta property=\"og:title\" content=\"Home - Jubiler Gliwice AKTYNOLIT\" \/>\n<meta property=\"og:description\" content=\"[vc_row][vc_column][\/vc_column][\/vc_row][vc_row][vc_column][vc_media_grid grid_id=&#8221;vc_gid:1689668118033-436154cc-f023-9&#8243;][\/vc_column][\/vc_row][vc_row el_class=&#8221;theme-container&#8221; css=&#8221;.vc_custom_1550830083450{padding-top: 72px !important;padding-bottom: 55px !important;}&#8221;][vc_column width=&#8221;1\/3&#8243; el_class=&#8221;sub-banner1&#8243;][\/vc_column][vc_column width=&#8221;1\/3&#8243; el_class=&#8221;sub-banner1&#8243;][\/vc_column][vc_column width=&#8221;1\/3&#8243; el_class=&#8221;sub-banner1&#8243;][\/vc_column][\/vc_row][vc_row css=&#8221;.vc_custom_1569584735528{margin-top: 20px !important;padding-top: 3% !important;padding-bottom: 3% !important;background-color: #f5f5f5 !important;}&#8221;][vc_column][vc_row_inner el_class=&#8221;theme-container&#8221;][vc_column_inner width=&#8221;1\/4&#8243;][\/vc_column_inner][vc_column_inner width=&#8221;1\/4&#8243;][\/vc_column_inner][vc_column_inner width=&#8221;1\/4&#8243;][\/vc_column_inner][vc_column_inner width=&#8221;1\/4&#8243;][\/vc_column_inner][\/vc_row_inner][\/vc_column][\/vc_row]\" \/>\n<meta property=\"og:url\" content=\"https:\/\/jubileraktynolit.com\/\" \/>\n<meta property=\"og:site_name\" content=\"Jubiler Gliwice AKTYNOLIT\" \/>\n<meta property=\"article:modified_time\" content=\"2023-07-18T08:15:53+00:00\" \/>\n<meta name=\"twitter:card\" content=\"summary_large_image\" \/>\n<meta name=\"twitter:label1\" content=\"Szacowany czas czytania\" \/>\n\t<meta name=\"twitter:data1\" content=\"1 minuta\" \/>\n<script type=\"application\/ld+json\" class=\"yoast-schema-graph\">{\"@context\":\"https:\/\/schema.org\",\"@graph\":[{\"@type\":\"WebPage\",\"@id\":\"https:\/\/jubileraktynolit.com\/\",\"url\":\"https:\/\/jubileraktynolit.com\/\",\"name\":\"Home - Jubiler Gliwice AKTYNOLIT\",\"isPartOf\":{\"@id\":\"https:\/\/jubileraktynolit.com\/#website\"},\"datePublished\":\"2012-10-22T12:11:15+00:00\",\"dateModified\":\"2023-07-18T08:15:53+00:00\",\"breadcrumb\":{\"@id\":\"https:\/\/jubileraktynolit.com\/#breadcrumb\"},\"inLanguage\":\"pl-PL\",\"potentialAction\":[{\"@type\":\"ReadAction\",\"target\":[\"https:\/\/jubileraktynolit.com\/\"]}]},{\"@type\":\"BreadcrumbList\",\"@id\":\"https:\/\/jubileraktynolit.com\/#breadcrumb\",\"itemListElement\":[{\"@type\":\"ListItem\",\"position\":1,\"name\":\"Home\",\"item\":\"https:\/\/jubileraktynolit.com\/\"},{\"@type\":\"ListItem\",\"position\":2,\"name\":\"Home\"}]},{\"@type\":\"WebSite\",\"@id\":\"https:\/\/jubileraktynolit.com\/#website\",\"url\":\"https:\/\/jubileraktynolit.com\/\",\"name\":\"Jubiler Gliwice AKTYNOLIT\",\"description\":\"Obr\u0105czki, Z\u0142oto, Srebro, Pier\u015bcionki, Pier\u015bcionki zar\u0119czynowe, Obr\u0105czki \u015blubne, Kolczyki, Wisiorki, Bransolety, Bransoletki, Z\u0142ote, Naprawa Z\u0142ota, Naprawa Srebra, \u0141a\u0144cuszki\",\"potentialAction\":[{\"@type\":\"SearchAction\",\"target\":{\"@type\":\"EntryPoint\",\"urlTemplate\":\"https:\/\/jubileraktynolit.com\/?s={search_term_string}\"},\"query-input\":{\"@type\":\"PropertyValueSpecification\",\"valueRequired\":true,\"valueName\":\"search_term_string\"}}],\"inLanguage\":\"pl-PL\"}]}<\/script>\n<!-- \/ Yoast SEO plugin. -->","yoast_head_json":{"title":"Home - Jubiler Gliwice AKTYNOLIT","robots":{"index":"index","follow":"follow","max-snippet":"max-snippet:-1","max-image-preview":"max-image-preview:large","max-video-preview":"max-video-preview:-1"},"canonical":"https:\/\/jubileraktynolit.com\/","og_locale":"pl_PL","og_type":"article","og_title":"Home - Jubiler Gliwice AKTYNOLIT","og_description":"[vc_row][vc_column][\/vc_column][\/vc_row][vc_row][vc_column][vc_media_grid grid_id=&#8221;vc_gid:1689668118033-436154cc-f023-9&#8243;][\/vc_column][\/vc_row][vc_row el_class=&#8221;theme-container&#8221; css=&#8221;.vc_custom_1550830083450{padding-top: 72px !important;padding-bottom: 55px !important;}&#8221;][vc_column width=&#8221;1\/3&#8243; el_class=&#8221;sub-banner1&#8243;][\/vc_column][vc_column width=&#8221;1\/3&#8243; el_class=&#8221;sub-banner1&#8243;][\/vc_column][vc_column width=&#8221;1\/3&#8243; el_class=&#8221;sub-banner1&#8243;][\/vc_column][\/vc_row][vc_row css=&#8221;.vc_custom_1569584735528{margin-top: 20px !important;padding-top: 3% !important;padding-bottom: 3% !important;background-color: #f5f5f5 !important;}&#8221;][vc_column][vc_row_inner el_class=&#8221;theme-container&#8221;][vc_column_inner width=&#8221;1\/4&#8243;][\/vc_column_inner][vc_column_inner width=&#8221;1\/4&#8243;][\/vc_column_inner][vc_column_inner width=&#8221;1\/4&#8243;][\/vc_column_inner][vc_column_inner width=&#8221;1\/4&#8243;][\/vc_column_inner][\/vc_row_inner][\/vc_column][\/vc_row]","og_url":"https:\/\/jubileraktynolit.com\/","og_site_name":"Jubiler Gliwice AKTYNOLIT","article_modified_time":"2023-07-18T08:15:53+00:00","twitter_card":"summary_large_image","twitter_misc":{"Szacowany czas czytania":"1 minuta"},"schema":{"@context":"https:\/\/schema.org","@graph":[{"@type":"WebPage","@id":"https:\/\/jubileraktynolit.com\/","url":"https:\/\/jubileraktynolit.com\/","name":"Home - Jubiler Gliwice AKTYNOLIT","isPartOf":{"@id":"https:\/\/jubileraktynolit.com\/#website"},"datePublished":"2012-10-22T12:11:15+00:00","dateModified":"2023-07-18T08:15:53+00:00","breadcrumb":{"@id":"https:\/\/jubileraktynolit.com\/#breadcrumb"},"inLanguage":"pl-PL","potentialAction":[{"@type":"ReadAction","target":["https:\/\/jubileraktynolit.com\/"]}]},{"@type":"BreadcrumbList","@id":"https:\/\/jubileraktynolit.com\/#breadcrumb","itemListElement":[{"@type":"ListItem","position":1,"name":"Home","item":"https:\/\/jubileraktynolit.com\/"},{"@type":"ListItem","position":2,"name":"Home"}]},{"@type":"WebSite","@id":"https:\/\/jubileraktynolit.com\/#website","url":"https:\/\/jubileraktynolit.com\/","name":"Jubiler Gliwice AKTYNOLIT","description":"Obr\u0105czki, Z\u0142oto, Srebro, Pier\u015bcionki, Pier\u015bcionki zar\u0119czynowe, Obr\u0105czki \u015blubne, Kolczyki, Wisiorki, Bransolety, Bransoletki, Z\u0142ote, Naprawa Z\u0142ota, Naprawa Srebra, \u0141a\u0144cuszki","potentialAction":[{"@type":"SearchAction","target":{"@type":"EntryPoint","urlTemplate":"https:\/\/jubileraktynolit.com\/?s={search_term_string}"},"query-input":{"@type":"PropertyValueSpecification","valueRequired":true,"valueName":"search_term_string"}}],"inLanguage":"pl-PL"}]}},"jetpack_sharing_enabled":true,"_links":{"self":[{"href":"https:\/\/jubileraktynolit.com\/index.php\/wp-json\/wp\/v2\/pages\/212","targetHints":{"allow":["GET"]}}],"collection":[{"href":"https:\/\/jubileraktynolit.com\/index.php\/wp-json\/wp\/v2\/pages"}],"about":[{"href":"https:\/\/jubileraktynolit.com\/index.php\/wp-json\/wp\/v2\/types\/page"}],"author":[{"embeddable":true,"href":"https:\/\/jubileraktynolit.com\/index.php\/wp-json\/wp\/v2\/users\/1"}],"replies":[{"embeddable":true,"href":"https:\/\/jubileraktynolit.com\/index.php\/wp-json\/wp\/v2\/comments?post=212"}],"version-history":[{"count":16,"href":"https:\/\/jubileraktynolit.com\/index.php\/wp-json\/wp\/v2\/pages\/212\/revisions"}],"predecessor-version":[{"id":9840,"href":"https:\/\/jubileraktynolit.com\/index.php\/wp-json\/wp\/v2\/pages\/212\/revisions\/9840"}],"wp:attachment":[{"href":"https:\/\/jubileraktynolit.com\/index.php\/wp-json\/wp\/v2\/media?parent=212"}],"curies":[{"name":"wp","href":"https:\/\/api.w.org\/{rel}","templated":true}]}}